{"type":"FeatureCollection","features":[{"type":"Feature","properties":{"name":"\u201eBia\u0142o-czerwony szlak. Moja Niepodleg\u0142a\u201d \u2013 P\u0142ock,25 lipca 2018","description":"","icon":{"link":"\/dokumenty\/mapy\/109.png","x":14,"y":14,"width":24,"height":24},"img":{"width":100,"height":57,"mini":"\/dokumenty\/mapy\/p_5815_m1.jpg","full":"\/dokumenty\/mapy\/p_5815.jpg"},"link":"\/mn\/maps\/p5815,Bialo-czerwony-szlak-Moja-Niepodlegla-Plock25-lipca-2018.html","url":"https:\/\/mojaniepodlegla.pl\/mn\/aktualnosci\/6295,Otwarcie-wystawy-Ojcowie-Niepodleglosci-w-ramach-Bialo-czerwonego-szlaku-Moja-Ni.html","address":"Mazowieckiego Urz\u0119du Wojew\u00f3dzkiego w P\u0142ocku","zipcode":"","province":"","county":"","community":"","city":"","phone1":"","phone2":"","fax":"","email":""},"geometry":{"type":"Point","coordinates":[19.695865499999968,52.5425507]}}]}

„Biało-czerwony szlak. Moja Niepodległa” – Płock,25 lipca 2018

Mazowieckiego Urzędu Wojewódzkiego w Płocku
