{"type":"FeatureCollection","features":[{"type":"Feature","properties":{"name":"\u201eAkademia Niepodleg\u0142o\u015bci\u201d dr Wojciech Muszy\u0144ski (Oddzia\u0142 IPN w Warszawie); dr Rafa\u0142 Sierchu\u0142a (Oddzia\u0142 IPN w Poznaniu): \u201eGenera\u0142 J\u00f3zef Haller (1873 \u2013 1960) i jego \u017co\u0142nierze\u201d \u2013 Cieszyn, 11 wrze\u015bnia 2018","description":"","icon":{"link":"\/dokumenty\/mapy\/85.png","x":15,"y":41,"width":31,"height":41},"img":{"width":100,"height":65,"mini":"\/dokumenty\/mapy\/p_5890_m1.jpg","full":"\/dokumenty\/mapy\/p_5890.jpg"},"link":"\/mn\/maps\/p5890,Akademia-Niepodleglosci-dr-Wojciech-Muszynski-Oddzial-IPN-w-Warszawie-dr-Rafal-S.html","url":"","address":"Cieszyn Mennicza 46","zipcode":"","province":"","county":"","community":"","city":"","phone1":"","phone2":"","fax":"","email":""},"geometry":{"type":"Point","coordinates":[18.62946199999999,49.7502349]}}]}

„Akademia Niepodległości” dr Wojciech Muszyński (Oddział IPN w Warszawie); dr Rafał Sierchuła (Oddział IPN w Poznaniu): „Generał Józef Haller (1873 – 1960) i jego żołnierze” – Cieszyn, 11 września 2018
