{"type":"FeatureCollection","features":[{"type":"Feature","properties":{"name":"\u201eAkademia Niepodleg\u0142o\u015bci\u201d dr Rafa\u0142 Sierchu\u0142a: wyk\u0142ady \u201eKorpusy i B\u0142\u0119kitna Armia\u201d oraz \u201eJ\u00f3zef Haller\u201d \u2013 Nowy Tomy\u015bl, 24 wrze\u015bnia 2018","description":"","icon":{"link":"\/dokumenty\/mapy\/85.png","x":15,"y":41,"width":31,"height":41},"img":{"width":100,"height":65,"mini":"\/dokumenty\/mapy\/p_5908_m1.jpg","full":"\/dokumenty\/mapy\/p_5908.jpg"},"link":"\/mn\/maps\/p5908,Akademia-Niepodleglosci-dr-Rafal-Sierchula-wyklady-Korpusy-i-Blekitna-Armia-oraz.html","url":"https:\/\/mojaniepodlegla.pl\/mn\/aktualnosci\/6541,Wyklady-dr-Rafala-Sierchuly-w-ramach-Akademii-Niepodleglosci-Nowy-Tomysl-24-wrze.html","address":"Nowy Tomy\u015bl Os. P\u00f3\u0142noc 37a","zipcode":"","province":"","county":"","community":"","city":"","phone1":"","phone2":"","fax":"","email":""},"geometry":{"type":"Point","coordinates":[16.118056499999966,52.321656]}}]}

„Akademia Niepodległości” dr Rafał Sierchuła: wykłady „Korpusy i Błękitna Armia” oraz „Józef Haller” – Nowy Tomyśl, 24 września 2018

Nowy Tomyśl Os. Północ 37a
