{"type":"FeatureCollection","features":[{"type":"Feature","properties":{"name":"\u201eAkademia Niepodleg\u0142o\u015bci\u201d dr Rafa\u0142 Sierchu\u0142a: wyk\u0142ady \u201eKorpusy i B\u0142\u0119kitna Armia\u201d oraz \u201eJ\u00f3zef Haller\u201d \u2013 Zielona G\u00f3ra, 25 wrze\u015bnia 2018","description":"","icon":{"link":"\/dokumenty\/mapy\/85.png","x":15,"y":41,"width":31,"height":41},"img":{"width":100,"height":65,"mini":"\/dokumenty\/mapy\/p_5914_m1.jpg","full":"\/dokumenty\/mapy\/p_5914.jpg"},"link":"\/mn\/maps\/p5914,Akademia-Niepodleglosci-dr-Rafal-Sierchula-wyklady-Korpusy-i-Blekitna-Armia-oraz.html","url":"https:\/\/mojaniepodlegla.pl\/mn\/aktualnosci\/6544,Wyklady-dr-Rafala-Sierchuly-w-ramach-Akademii-Niepodleglosci-Zielona-Gora-25-wrz.html","address":"zielona g\u00f3ra aleja wolska polskiego","zipcode":"","province":"","county":"","community":"","city":"","phone1":"","phone2":"","fax":"","email":""},"geometry":{"type":"Point","coordinates":[15.470389699999942,51.9394278]}}]}

„Akademia Niepodległości” dr Rafał Sierchuła: wykłady „Korpusy i Błękitna Armia” oraz „Józef Haller” – Zielona Góra, 25 września 2018

zielona góra aleja wolska polskiego
