{"type":"FeatureCollection","features":[{"type":"Feature","properties":{"name":"\u201eBia\u0142o-czerwony szlak. Moja Niepodleg\u0142a&amp;quot; \u2013 \u0141om\u017ca, 30 pa\u017adziernika 2018","description":"","icon":{"link":"\/dokumenty\/mapy\/109.png","x":14,"y":14,"width":24,"height":24},"img":{"width":100,"height":57,"mini":"\/dokumenty\/mapy\/p_6058_m1.jpg","full":"\/dokumenty\/mapy\/p_6058.jpg"},"link":"\/mn\/maps\/p6058,Bialo-czerwony-szlak-Moja-Niepodleglaquot-Lomza-30-pazdziernika-2018.html","url":"https:\/\/mojaniepodlegla.pl\/mn\/aktualnosci\/9958,Otwarcie-wystawy-Ojcowie-Niepodleglosci-w-ramach-Bialo-czerwonego-szlaku-Moja-Ni.html","address":"\u0142om\u017ca senatorska 13","zipcode":"","province":"","county":"","community":"","city":"","phone1":"","phone2":"","fax":"","email":""},"geometry":{"type":"Point","coordinates":[22.08459879999998,53.1776389]}}]}

„Biało-czerwony szlak. Moja Niepodległa&amp;quot; – Łomża, 30 października 2018

łomża senatorska 13
