{"type":"FeatureCollection","features":[{"type":"Feature","properties":{"name":"\u201eAkademia Niepodleg\u0142o\u015bci\u201d prof. Krzysztof Kawalec: \u201ePa\u0144stwowotw\u00f3rczy wysi\u0142ek przed listopadem 1918 r.\u201d i  prof. Zdzis\u0142aw Winnicki: \u201eRada Regencyjna Kr\u00f3lestwa Polskiego i jej organy 1917-1918\u201d \u2013 Cieszyn, 5 listopada 2018","description":"","icon":{"link":"\/dokumenty\/mapy\/85.png","x":15,"y":41,"width":31,"height":41},"img":{"width":100,"height":65,"mini":"\/dokumenty\/mapy\/p_6061_m1.jpg","full":"\/dokumenty\/mapy\/p_6061.jpg"},"link":"\/mn\/maps\/p6061,Akademia-Niepodleglosci-prof-Krzysztof-Kawalec-Panstwowotworczy-wysilek-przed-li.html","url":"https:\/\/mojaniepodlegla.pl\/mn\/aktualnosci\/10009,Akademia-Niepodleglosci-w-Cieszynie-5-listopada-2018.html","address":"Cieszyn Mennicza 46","zipcode":"","province":"","county":"","community":"","city":"","phone1":"","phone2":"","fax":"","email":""},"geometry":{"type":"Point","coordinates":[18.62946199999999,49.7502349]}}]}

„Akademia Niepodległości” prof. Krzysztof Kawalec: „Państwowotwórczy wysiłek przed listopadem 1918 r.” i  prof. Zdzisław Winnicki: „Rada Regencyjna Królestwa Polskiego i jej organy 1917-1918” – Cieszyn, 5 listopada 2018
