{"type":"FeatureCollection","features":[{"type":"Feature","properties":{"name":"Wystawa IPN pt. \u201eNale\u017cy stworzy\u0107 niepodleg\u0142e pa\u0144stwo polskie (\u2026) z wolnym dost\u0119pem do morza. Powr\u00f3t Pomorza i Kujaw do Polski 1918-1920\u201d \u2013W\u0142oc\u0142awek, 7 listopada 2018","description":"","icon":{"link":"\/dokumenty\/mapy\/79.png","x":15,"y":35,"width":31,"height":35},"img":{"width":100,"height":14,"mini":"\/dokumenty\/mapy\/p_6073_m1.jpg","full":"\/dokumenty\/mapy\/p_6073.jpg"},"link":"\/mn\/maps\/p6073,Wystawa-IPN-pt-Nalezy-stworzyc-niepodlegle-panstwo-polskie-z-wolnym-dostepem-do-.html","url":"https:\/\/mojaniepodlegla.pl\/mn\/aktualnosci\/10066,Na-Pomorzu-i-Kujawach-swietujemy-100-rocznice-odzyskania-przez-Polske-niepodlegl.html","address":"Plac Wolno\u015b\u0107 we W\u0142oc\u0142awku","zipcode":"","province":"","county":"","community":"","city":"","phone1":"","phone2":"","fax":"","email":""},"geometry":{"type":"Point","coordinates":[19.066147199999932,52.6542363]}}]}

Wystawa IPN pt. „Należy stworzyć niepodległe państwo polskie (…) z wolnym dostępem do morza. Powrót Pomorza i Kujaw do Polski 1918-1920” –Włocławek, 7 listopada 2018

Plac Wolność we Włocławku
