{"type":"FeatureCollection","features":[{"type":"Feature","properties":{"name":"Uroczysto\u015b\u0107 ods\u0142oni\u0119cia popiersia Marsza\u0142ka Pi\u0142sudskiego \u2013 Bruksela, 6 listopada 2018","description":"","icon":{"link":"\/dokumenty\/mapy\/94.png","x":18,"y":43,"width":36,"height":43},"img":{"width":100,"height":67,"mini":"\/dokumenty\/mapy\/p_6085_m1.jpg","full":"\/dokumenty\/mapy\/p_6085.jpg"},"link":"\/mn\/maps\/p6085,Uroczystosc-odsloniecia-popiersia-Marszalka-Pilsudskiego-Bruksela-6-listopada-20.html","url":"https:\/\/mojaniepodlegla.pl\/mn\/wydarzenia-plenerowe\/10288,Uroczystosc-odsloniecia-popiersia-Marszalka-Pilsudskiego-w-Brukseli-6-listopada-.html","address":"Bruksela","zipcode":"","province":"","county":"","community":"","city":"","phone1":"","phone2":"","fax":"","email":""},"geometry":{"type":"Point","coordinates":[4.351710300000036,50.8503396]}}]}

Uroczystość odsłonięcia popiersia Marszałka Piłsudskiego – Bruksela, 6 listopada 2018
