{"type":"FeatureCollection","features":[{"type":"Feature","properties":{"name":"Sadzenie D\u0119bu Niepodleg\u0142o\u015bci oraz otwarcie wystawy pt.: \u201ePlebiscyt 1920 roku. Walka o polsko\u015b\u0107 Warmii i Mazur\u201d \u2013 Rumian, 18 pa\u017adziernika","description":"","icon":{"link":"\/dokumenty\/mapy\/79.png","x":15,"y":35,"width":31,"height":35},"img":{"width":100,"height":74,"mini":"\/dokumenty\/mapy\/p_6094_m1.jpg","full":"\/dokumenty\/mapy\/p_6094.jpg"},"link":"\/mn\/maps\/p6094,Sadzenie-Debu-Niepodleglosci-oraz-otwarcie-wystawy-pt-Plebiscyt-1920-roku-Walka-.html","url":"https:\/\/mojaniepodlegla.pl\/mn\/wydarzenia-plenerowe\/8713,Sadzenie-Debu-Niepodleglosci-oraz-otwarcie-wystawy-pt-Plebiscyt-1920-roku-Walka-.html","address":"Rumian","zipcode":"","province":"","county":"","community":"","city":"","phone1":"","phone2":"","fax":"","email":""},"geometry":{"type":"Point","coordinates":[19.93204700000001,53.4173511]}}]}

Sadzenie Dębu Niepodległości oraz otwarcie wystawy pt.: „Plebiscyt 1920 roku. Walka o polskość Warmii i Mazur” – Rumian, 18 października
