{"type":"FeatureCollection","features":[{"type":"Feature","properties":{"name":"Ods\u0142oni\u0119to Pomnik Niepodleg\u0142o\u015bci \u2013 Gr\u0119bosz\u00f3w, 14 pa\u017adziernika 2018 r.","description":"","icon":{"link":"\/dokumenty\/mapy\/106.png","x":15,"y":37,"width":31,"height":37},"img":{"width":100,"height":67,"mini":"\/dokumenty\/mapy\/p_6097_m1.jpg","full":"\/dokumenty\/mapy\/p_6097.jpg"},"link":"\/mn\/maps\/p6097,Odslonieto-Pomnik-Niepodleglosci-Greboszow-14-pazdziernika-2018-r.html","url":"https:\/\/mojaniepodlegla.pl\/mn\/wydarzenia-plenerowe\/7561,W-Greboszowie-odslonieto-Pomnik-Niepodleglosci.html","address":"Gr\u0119bosz\u00f3w","zipcode":"","province":"","county":"","community":"","city":"","phone1":"","phone2":"","fax":"","email":""},"geometry":{"type":"Point","coordinates":[20.799945200000025,50.2527847]}}]}

Odsłonięto Pomnik Niepodległości – Gręboszów, 14 października 2018 r.

Gręboszów
