{"type":"FeatureCollection","features":[{"type":"Feature","properties":{"name":"\u201eAkademia Niepodleg\u0142o\u015bci\u201d dr Krzysztof Korda \u201eDroga do Niepodleg\u0142ej. Spo\u0142ecze\u0144stwo polskie Pomorza, Warmii i Mazur pod zaborem pruskim w latach 1772-1920\u201d \u2013 Dzia\u0142dowo, 29 listopada 2018","description":"","icon":{"link":"\/dokumenty\/mapy\/85.png","x":15,"y":41,"width":31,"height":41},"img":[],"link":"\/mn\/maps\/p6106,Akademia-Niepodleglosci-dr-Krzysztof-Korda-Droga-do-Niepodleglej-Spoleczenstwo-p.html","url":"https:\/\/mojaniepodlegla.pl\/mn\/aktualnosci\/10435,Prelekcja-dr-Krzysztofa-Kordy-Droga-do-Niepodleglej-Spoleczenstwo-polskie-Pomorz.html","address":"Dzia\u0142dowo polna 11a","zipcode":"","province":"","county":"","community":"","city":"","phone1":"","phone2":"","fax":"","email":""},"geometry":{"type":"Point","coordinates":[20.16790089999995,53.2309442]}}]}

„Akademia Niepodległości” dr Krzysztof Korda „Droga do Niepodległej. Społeczeństwo polskie Pomorza, Warmii i Mazur pod zaborem pruskim w latach 1772-1920” – Działdowo, 29 listopada 2018

Działdowo polna 11a
