{"type":"FeatureCollection","features":[{"type":"Feature","properties":{"name":"Pokaz filmu \u201eNiepodleg\u0142o\u015b\u0107\u201d i wyk\u0142ad dr. DarPruszk\u00f3w iusza Ga\u0142aszewskiego pt. \u201eBudowanie niepodleg\u0142ej\u201d w ramach cyklu Akademia Niepodleg\u0142o\u015bci \u2013Pruszk\u00f3w, 9 lutego 2019","description":"","icon":{"link":"\/dokumenty\/mapy\/94.png","x":18,"y":43,"width":36,"height":43},"img":{"width":100,"height":141,"mini":"\/dokumenty\/mapy\/p_7219_m1.jpg","full":"\/dokumenty\/mapy\/p_7219.jpg"},"link":"\/mn\/maps\/p7219,Pokaz-filmu-Niepodleglosc-i-wyklad-dr-DarPruszkow-iusza-Galaszewskiego-pt-Budowa.html","url":"https:\/\/mojaniepodlegla.pl\/mn\/aktualnosci\/11731,Prelekcja-Adama-Chmieleckiego-Od-Niepodleglosci-do-Solidarnosci-Inspiracje-trady.html?sid=021f33edf69a0d5c38f86a52aef78d84","address":"Pruszk\u00f3w (Muzeum Dulag 121","zipcode":"","province":"","county":"","community":"","city":"","phone1":"","phone2":"","fax":"","email":""},"geometry":{"type":"Point","coordinates":[20.807571000000053,52.17302]}}]}

Pokaz filmu „Niepodległość” i wykład dr. DarPruszków iusza Gałaszewskiego pt. „Budowanie niepodległej” w ramach cyklu Akademia Niepodległości –Pruszków, 9 lutego 2019

Pruszków (Muzeum Dulag 121
