{"type":"FeatureCollection","features":[{"type":"Feature","properties":{"name":"Prelekcja Adama Chmieleckiego \u201eOd Niepodleg\u0142o\u015bci do Solidarno\u015bci. Inspiracje tradycji niepodleg\u0142o\u015bciowej\u201d \u2013 Dzia\u0142dowo, 7 lutego 2019","description":"","icon":{"link":"\/dokumenty\/mapy\/85.png","x":15,"y":41,"width":31,"height":41},"img":{"width":100,"height":141,"mini":"\/dokumenty\/mapy\/p_7225_m1.jpg","full":"\/dokumenty\/mapy\/p_7225.jpg"},"link":"\/mn\/maps\/p7225,Prelekcja-Adama-Chmieleckiego-Od-Niepodleglosci-do-Solidarnosci-Inspiracje-trady.html","url":"https:\/\/mojaniepodlegla.pl\/mn\/aktualnosci\/11731,Prelekcja-Adama-Chmieleckiego-Od-Niepodleglosci-do-Solidarnosci-Inspiracje-trady.html","address":"Dzia\u0142dowo, Polna 11a","zipcode":"","province":"","county":"","community":"","city":"","phone1":"","phone2":"","fax":"","email":""},"geometry":{"type":"Point","coordinates":[20.16790089999995,53.2309442]}}]}

Prelekcja Adama Chmieleckiego „Od Niepodległości do Solidarności. Inspiracje tradycji niepodległościowej” – Działdowo, 7 lutego 2019

Działdowo, Polna 11a
