{"type":"FeatureCollection","features":[{"type":"Feature","properties":{"name":"Podkarpacka Akademia Niepodleg\u0142o\u015bci \u2013 \u0141a\u0144cut, 15 lutego 2019","description":"","icon":{"link":"\/dokumenty\/mapy\/85.png","x":15,"y":41,"width":31,"height":41},"img":{"width":100,"height":65,"mini":"\/dokumenty\/mapy\/p_7243_m1.jpg","full":"\/dokumenty\/mapy\/p_7243.jpg"},"link":"\/mn\/maps\/p7243,Podkarpacka-Akademia-Niepodleglosci-Lancut-15-lutego-2019.html","url":"https:\/\/rzeszow.ipn.gov.pl\/pl8\/aktualnosci\/65374,Podkarpacka-Akademia-Niepodleglosci-Lancut-15-lutego-2019.html","address":"Ko\u015bciuszki 2, \u0142a\u0144cut","zipcode":"","province":"","county":"","community":"","city":"","phone1":"","phone2":"","fax":"","email":""},"geometry":{"type":"Point","coordinates":[22.231036000000017,50.068385]}}]}

Podkarpacka Akademia Niepodległości – Łańcut, 15 lutego 2019

Kościuszki 2, łańcut
