{"type":"FeatureCollection","features":[{"type":"Feature","properties":{"name":"Wyk\u0142ady prof. Piotra Okulewicza w ramach Akademii Niepodleg\u0142o\u015bci \u2013 Nowy Tomy\u015bl, 26 lutego 2019","description":"","icon":{"link":"\/dokumenty\/mapy\/85.png","x":15,"y":41,"width":31,"height":41},"img":{"width":100,"height":65,"mini":"\/dokumenty\/mapy\/p_7246_m1.jpg","full":"\/dokumenty\/mapy\/p_7246.jpg"},"link":"\/mn\/maps\/p7246,Wyklady-prof-Piotra-Okulewicza-w-ramach-Akademii-Niepodleglosci-Nowy-Tomysl-26-l.html","url":"https:\/\/poznan.ipn.gov.pl\/pl7\/aktualnosci\/65755,Wyklady-prof-Piotra-Okulewicza-w-ramach-Akademii-Niepodleglosci-Nowy-Tomysl-26-l.html","address":"Wy\u017cszej Szko\u0142y Pedagogiki i Administracji im. Mieszka I w Nowym Tomy\u015blu","zipcode":"","province":"","county":"","community":"","city":"","phone1":"","phone2":"","fax":"","email":""},"geometry":{"type":"Point","coordinates":[16.118056499999966,52.321656]}}]}

Wykłady prof. Piotra Okulewicza w ramach Akademii Niepodległości – Nowy Tomyśl, 26 lutego 2019

Wyższej Szkoły Pedagogiki i Administracji im. Mieszka I w Nowym Tomyślu
