{"type":"FeatureCollection","features":[{"type":"Feature","properties":{"name":"Wyk\u0142ady prof. Piotra Okulewicza w ramach Akademii Niepodleg\u0142o\u015bci \u2013 Zielona G\u00f3ra, 25 lutego 2019","description":"","icon":{"link":"\/dokumenty\/mapy\/85.png","x":15,"y":41,"width":31,"height":41},"img":{"width":100,"height":65,"mini":"\/dokumenty\/mapy\/p_7249_m1.jpg","full":"\/dokumenty\/mapy\/p_7249.jpg"},"link":"\/mn\/maps\/p7249,Wyklady-prof-Piotra-Okulewicza-w-ramach-Akademii-Niepodleglosci-Zielona-Gora-25-.html","url":"https:\/\/poznan.ipn.gov.pl\/pl7\/aktualnosci\/65749,Wyklady-prof-Piotra-Okulewicza-w-ramach-Akademii-Niepodleglosci-Zielona-Gora-25-.html","address":"Wojew\u00f3dzkiej i Miejskiej Bibliotece Publicznej im. Cypriana Norwida w Zielonej G\u00f3rze","zipcode":"","province":"","county":"","community":"","city":"","phone1":"","phone2":"","fax":"","email":""},"geometry":{"type":"Point","coordinates":[15.500711200000069,51.9400585]}}]}

Wykłady prof. Piotra Okulewicza w ramach Akademii Niepodległości – Zielona Góra, 25 lutego 2019

Wojewódzkiej i Miejskiej Bibliotece Publicznej im. Cypriana Norwida w Zielonej Górze
