{"type":"FeatureCollection","features":[{"type":"Feature","properties":{"name":"Semper fidelis. Walki o Lw\u00f3w 1918-1919 \u2013 VII sesja wyk\u0142adowa Akademii Niepodleg\u0142o\u015bci w Cieszynie, 11 marca 2019","description":"","icon":{"link":"\/dokumenty\/mapy\/85.png","x":15,"y":41,"width":31,"height":41},"img":{"width":100,"height":65,"mini":"\/dokumenty\/mapy\/p_7276_m1.jpg","full":"\/dokumenty\/mapy\/p_7276.jpg"},"link":"\/mn\/maps\/p7276,Semper-fidelis-Walki-o-Lwow-1918-1919-VII-sesja-wykladowa-Akademii-Niepodleglosc.html","url":"https:\/\/mojaniepodlegla.pl\/mn\/aktualnosci\/11971,Semper-fidelis-Walki-o-Lwow-1918-1919-VII-sesja-wykladowa-Akademii-Niepodleglosc.html","address":"Cieszyn, Mennicza 46","zipcode":"","province":"","county":"","community":"","city":"","phone1":"","phone2":"","fax":"","email":""},"geometry":{"type":"Point","coordinates":[18.62946199999999,49.7502349]}}]}

Semper fidelis. Walki o Lwów 1918-1919 – VII sesja wykładowa Akademii Niepodległości w Cieszynie, 11 marca 2019
