{"type":"FeatureCollection","features":[{"type":"Feature","properties":{"name":"Akademia Niepodleg\u0142o\u015bci wyk\u0142ad dr. Zdzis\u0142awa Ko\u015bcia\u0144skiego \u2013 Zielona G\u00f3ra, 25 marca 2018","description":"","icon":{"link":"\/dokumenty\/mapy\/85.png","x":15,"y":41,"width":31,"height":41},"img":{"width":100,"height":65,"mini":"\/dokumenty\/mapy\/p_7285_m1.jpg","full":"\/dokumenty\/mapy\/p_7285.jpg"},"link":"\/mn\/maps\/p7285,Akademia-Niepodleglosci-wyklad-dr-Zdzislawa-Koscianskiego-Zielona-Gora-25-marca-.html","url":"https:\/\/mojaniepodlegla.pl\/mn\/aktualnosci\/11995,Wyklady-dr-Zdzislawa-Koscianskiego-w-ramach-Akademii-Niepodleglosci-Zielona-Gora.html","address":"Wojew\u00f3dzkiej i Miejskiej Bibliotece Publicznej im. Cypriana Norwida w Zielonej G\u00f3rze","zipcode":"","province":"","county":"","community":"","city":"","phone1":"","phone2":"","fax":"","email":""},"geometry":{"type":"Point","coordinates":[15.554474700000014,51.9361908]}}]}

Akademia Niepodległości wykład dr. Zdzisława Kościańskiego – Zielona Góra, 25 marca 2018

Wojewódzkiej i Miejskiej Bibliotece Publicznej im. Cypriana Norwida w Zielonej Górze
