{"type":"FeatureCollection","features":[{"type":"Feature","properties":{"name":"\u201eKarolina Lanckoro\u0144ska \u2013 portret damy\u201d \u2013 wyk\u0142ad w ramach cyklu Akademia Niepodleg\u0142o\u015bci \u2013 O\u0142awa, 22 marca 2019","description":"","icon":{"link":"\/dokumenty\/mapy\/85.png","x":15,"y":41,"width":31,"height":41},"img":{"width":100,"height":65,"mini":"\/dokumenty\/mapy\/p_7288_m1.jpg","full":"\/dokumenty\/mapy\/p_7288.jpg"},"link":"\/mn\/maps\/p7288,Karolina-Lanckoronska-portret-damy-wyklad-w-ramach-cyklu-Akademia-Niepodleglosci.html","url":"https:\/\/mojaniepodlegla.pl\/mn\/aktualnosci\/11998,Karolina-Lanckoronska-portret-damy-wyklad-w-ramach-cyklu-Akademia-Niepodleglosci.html?sid=dfe2269f11e6b229bdefd99e6136e403","address":"Sali Rajc\u00f3w o\u0142awskiego Ratusza","zipcode":"","province":"","county":"","community":"","city":"","phone1":"","phone2":"","fax":"","email":""},"geometry":{"type":"Point","coordinates":[17.292401700000028,50.9459276]}}]}

„Karolina Lanckorońska – portret damy” – wykład w ramach cyklu Akademia Niepodległości – Oława, 22 marca 2019

Sali Rajców oławskiego Ratusza
