{"type":"FeatureCollection","features":[{"type":"Feature","properties":{"name":"Wyk\u0142ady dr. Zdzis\u0142awa Ko\u015bcia\u0144skiego w ramach Akademii Niepodleg\u0142o\u015bci \u2013 Nowy Tomy\u015bl, 26 marca 2019","description":"","icon":{"link":"\/dokumenty\/mapy\/85.png","x":15,"y":41,"width":31,"height":41},"img":{"width":100,"height":65,"mini":"\/dokumenty\/mapy\/p_7306_m1.jpg","full":"\/dokumenty\/mapy\/p_7306.jpg"},"link":"\/mn\/maps\/p7306,Wyklady-dr-Zdzislawa-Koscianskiego-w-ramach-Akademii-Niepodleglosci-Nowy-Tomysl-.html","url":"https:\/\/mojaniepodlegla.pl\/mn\/aktualnosci\/12007,Wyklady-dr-Zdzislawa-Koscianskiego-w-ramach-Akademii-Niepodleglosci-Nowy-Tomysl-.html","address":"Auli Wy\u017cszej Szko\u0142y Pedagogiki i Administracji im. Mieszka I w Nowym Tomy\u015blu","zipcode":"","province":"","county":"","community":"","city":"","phone1":"","phone2":"","fax":"","email":""},"geometry":{"type":"Point","coordinates":[16.121837440151012,52.31603742]}}]}

Wykłady dr. Zdzisława Kościańskiego w ramach Akademii Niepodległości – Nowy Tomyśl, 26 marca 2019

Auli Wyższej Szkoły Pedagogiki i Administracji im. Mieszka I w Nowym Tomyślu
