{"type":"FeatureCollection","features":[{"type":"Feature","properties":{"name":"Akademia Niepodleg\u0142o\u015bci. \u201eBudowanie Niepodleg\u0142ej \u2013 zaborowe dziedzictwo, wyzwania, ludzie&amp;quot; \u2013 \u015awidnik, 27 marca 2019","description":"","icon":{"link":"\/dokumenty\/mapy\/85.png","x":15,"y":41,"width":31,"height":41},"img":{"width":100,"height":65,"mini":"\/dokumenty\/mapy\/p_7309_m1.jpg","full":"\/dokumenty\/mapy\/p_7309.jpg"},"link":"\/mn\/maps\/p7309,Akademia-Niepodleglosci-Budowanie-Niepodleglej-zaborowe-dziedzictwo-wyzwania-lud.html","url":"Akademia Niepodleg\u0142o\u015bci. \u201eBudowanie Niepodleg\u0142ej \u2013 zaborowe dziedzictwo, wyzwania, ludzie&quot; \u2013 \u015awidnik, 27 marca 2019","address":"Centrum Kultury w \u015awidniku, al. Lotnik\u00f3w Polskich 24","zipcode":"","province":"","county":"","community":"","city":"","phone1":"","phone2":"","fax":"","email":""},"geometry":{"type":"Point","coordinates":[22.69332589999999,51.220204]}}]}

Akademia Niepodległości. „Budowanie Niepodległej – zaborowe dziedzictwo, wyzwania, ludzie&amp;quot; – Świdnik, 27 marca 2019

Akademia Niepodległości. „Budowanie Niepodległej – zaborowe dziedzictwo, wyzwania, ludzie&quot; – Świdnik, 27 marca 2019

Centrum Kultury w Świdniku, al. Lotników Polskich 24
