{"type":"FeatureCollection","features":[{"type":"Feature","properties":{"name":"\u201eAkademia Niepodleg\u0142o\u015bci\u201d \u2013 dr Lucjan Fac: \u201eB\u00f3j o Lw\u00f3w (walki z Ukrai\u0144cami)\u201d, dr Jacek Magdo\u0144: \u201eDrugie Orl\u0119ta\u201d Zadw\u00f3rze 1920 r.\u201d \u2013 \u0141a\u0144cut, 12 kwietnia 2019","description":"","icon":{"link":"\/dokumenty\/mapy\/85.png","x":15,"y":41,"width":31,"height":41},"img":{"width":100,"height":65,"mini":"\/dokumenty\/mapy\/p_7357_m1.jpg","full":"\/dokumenty\/mapy\/p_7357.jpg"},"link":"\/mn\/maps\/p7357,Akademia-Niepodleglosci-dr-Lucjan-Fac-Boj-o-Lwow-walki-z-Ukraincami-dr-Jacek-Mag.html","url":"https:\/\/mojaniepodlegla.pl\/mn\/aktualnosci\/12013,Kolejna-odslona-wykladow-realizowanych-w-ramach-ogolnopolskiego-projektu-Akademi.html","address":"ul. Ko\u015bciuszki 2, \u0141a\u0144cut","zipcode":"","province":"","county":"","community":"","city":"","phone1":"","phone2":"","fax":"","email":""},"geometry":{"type":"Point","coordinates":[22.231036000000017,50.068385]}}]}

„Akademia Niepodległości” – dr Lucjan Fac: „Bój o Lwów (walki z Ukraińcami)”, dr Jacek Magdoń: „Drugie Orlęta” Zadwórze 1920 r.” – Łańcut, 12 kwietnia 2019

ul. Kościuszki 2, Łańcut
