{"type":"FeatureCollection","features":[{"type":"Feature","properties":{"name":"Akademia Niepodleg\u0142o\u015bci. \u201eBudowanie Niepodleg\u0142ej \u2013 zaborowe dziedzictwo, wyzwania, ludzie&amp;quot; \u2013 \u015awidnik, 27 marca 2019","description":"","icon":{"link":"\/dokumenty\/mapy\/85.png","x":15,"y":41,"width":31,"height":41},"img":[],"link":"\/mn\/maps\/p7441,Akademia-Niepodleglosci-Budowanie-Niepodleglej-zaborowe-dziedzictwo-wyzwania-lud.html","url":"https:\/\/mojaniepodlegla.pl\/mn\/aktualnosci\/12010,Akademia-Niepodleglosci-Budowanie-Niepodleglej-zaborowe-dziedzictwo-wyzwania-lud.html","address":"Miejsko-Powiatow\u0105 Bibliotek\u0119 Publiczn\u0105 w \u015awidniku","zipcode":"","province":"","county":"","community":"","city":"","phone1":"","phone2":"","fax":"","email":""},"geometry":{"type":"Point","coordinates":[22.69921039999997,51.2197226]}}]}

Akademia Niepodległości. „Budowanie Niepodległej – zaborowe dziedzictwo, wyzwania, ludzie&amp;quot; – Świdnik, 27 marca 2019

Miejsko-Powiatową Bibliotekę Publiczną w Świdniku
