{"type":"FeatureCollection","features":[{"type":"Feature","properties":{"name":"Prezentacja wystawy \u201ePolski gen wolno\u015bci. 150 lat walk o niepodleg\u0142o\u015b\u0107\u201d \u2013 Pozna\u0144, 1\u201316 maja 2019","description":"","icon":{"link":"\/dokumenty\/mapy\/79.png","x":15,"y":35,"width":31,"height":35},"img":[],"link":"\/mn\/maps\/p7537,Prezentacja-wystawy-Polski-gen-wolnosci-150-lat-walk-o-niepodleglosc-Poznan-116-.html","url":"https:\/\/mojaniepodlegla.pl\/mn\/wystawy\/12184,Prezentacja-wystawy-Polski-gen-wolnosci-150-lat-walk-o-niepodleglosc-Poznan-116-.html","address":"al. Niepodleg\u0142o\u015bci 16\/18, pozna\u0144","zipcode":"","province":"","county":"","community":"","city":"","phone1":"","phone2":"","fax":"","email":""},"geometry":{"type":"Point","coordinates":[16.919105700000046,52.4104428]}}]}

Prezentacja wystawy „Polski gen wolności. 150 lat walk o niepodległość” – Poznań, 1–16 maja 2019

al. Niepodległości 16/18, poznań
