{"type":"FeatureCollection","features":[{"type":"Feature","properties":{"name":"Plenerowa wystawa IPN \u201ePowsta\u0142a, by \u017cy\u0107\u201d \u2013 Kielce, 1\u201324 maja 2019","description":"","icon":{"link":"\/dokumenty\/mapy\/79.png","x":15,"y":35,"width":31,"height":35},"img":[],"link":"\/mn\/maps\/p7540,Plenerowa-wystawa-IPN-Powstala-by-zyc-Kielce-124-maja-2019.html","url":"https:\/\/mojaniepodlegla.pl\/mn\/wystawy\/12157,Plenerowa-wystawa-IPN-Powstala-by-zyc-Kielce-124-maja-2019.html","address":"pl. Wolno\u015bci w Kielcach","zipcode":"","province":"","county":"","community":"","city":"","phone1":"","phone2":"","fax":"","email":""},"geometry":{"type":"Point","coordinates":[20.634723500000064,50.8673125]}}]}

Plenerowa wystawa IPN „Powstała, by żyć” – Kielce, 1–24 maja 2019

pl. Wolności w Kielcach
