{"type":"FeatureCollection","features":[{"type":"Feature","properties":{"name":"Prezentacja wystawy \u201eWielkopolanie ku Niepodleg\u0142ej\u201d na \u015al\u0105sku \u2013 \u015awi\u0119toch\u0142owice, 7 \u2013 17 lutego 2019","description":"","icon":{"link":"\/dokumenty\/mapy\/79.png","x":15,"y":35,"width":31,"height":35},"img":[],"link":"\/mn\/maps\/p7561,Prezentacja-wystawy-Wielkopolanie-ku-Niepodleglej-na-Slasku-Swietochlowice-7-17-.html","url":"https:\/\/mojaniepodlegla.pl\/mn\/wystawy\/11668,Prezentacja-wystawy-Wielkopolanie-ku-Niepodleglej-na-Slasku-Swietochlowice-7-17-.html","address":"Wiktora Polaka 1, \u015bwi\u0119toch\u0142owice","zipcode":"","province":"","county":"","community":"","city":"","phone1":"","phone2":"","fax":"","email":""},"geometry":{"type":"Point","coordinates":[18.92538460000003,50.2883246]}}]}

Prezentacja wystawy „Wielkopolanie ku Niepodległej” na Śląsku – Świętochłowice, 7 – 17 lutego 2019

Wiktora Polaka 1, świętochłowice
