{"type":"FeatureCollection","features":[{"type":"Feature","properties":{"name":"Ods\u0142oni\u0119to pomnik poleg\u0142ych i pomordowanych za Ojczyzn\u0119 \u2013 K\u0142aj, 30 pa\u017adziernika 2018","description":"","icon":{"link":"\/dokumenty\/mapy\/106.png","x":15,"y":37,"width":31,"height":37},"img":[],"link":"\/mn\/maps\/p7573,Odslonieto-pomnik-poleglych-i-pomordowanych-za-Ojczyzne-Klaj-30-pazdziernika-201.html","url":"https:\/\/mojaniepodlegla.pl\/mn\/upamietnianie\/9916,W-Klaju-odslonieto-pomnik-poleglych-i-pomordowanych-za-Ojczyzne.html","address":"","zipcode":"","province":"","county":"","community":"","city":"","phone1":"","phone2":"","fax":"","email":""},"geometry":{"type":"Point","coordinates":[20.283984199999963,50.0045178]}}]}

Odsłonięto pomnik poległych i pomordowanych za Ojczyznę – Kłaj, 30 października 2018
