{"type":"FeatureCollection","features":[{"type":"Feature","properties":{"name":"Ods\u0142oni\u0119cie tablicy pami\u0119ci J\u00f3zefa Pi\u0142sudskiego i promocja albumu \u201eGenera\u0142 Gustaw Orlicz-Dreszer\u201d \u2013 Che\u0142m, 6 pa\u017adziernika 2018","description":"","icon":{"link":"\/dokumenty\/mapy\/106.png","x":15,"y":37,"width":31,"height":37},"img":[],"link":"\/mn\/maps\/p7576,Odsloniecie-tablicy-pamieci-Jozefa-Pilsudskiego-i-promocja-albumu-General-Gustaw.html","url":"https:\/\/mojaniepodlegla.pl\/mn\/upamietnianie\/8521,Odsloniecie-tablicy-pamieci-Jozefa-Pilsudskiego-i-promocja-albumu-General-Gustaw.html","address":"Niepodleg\u0142o\u015bci 1, che\u0142m","zipcode":"","province":"","county":"","community":"","city":"","phone1":"","phone2":"","fax":"","email":""},"geometry":{"type":"Point","coordinates":[23.494311899999957,51.1332809]}}]}

Odsłonięcie tablicy pamięci Józefa Piłsudskiego i promocja albumu „Generał Gustaw Orlicz-Dreszer” – Chełm, 6 października 2018

Niepodległości 1, chełm
