{"type":"FeatureCollection","features":[{"type":"Feature","properties":{"name":"Uroczysto\u015bci ods\u0142oni\u0119cia pierwszego pomnika \u201eSzlaku Orl\u0105t Lwowskich\u201d, upami\u0119tniaj\u0105cego ppor. Jana Feliksa Charlewskiego \u2013 Ustrobna, 18 sierpnia 2018","description":"","icon":{"link":"\/dokumenty\/mapy\/106.png","x":15,"y":37,"width":31,"height":37},"img":[],"link":"\/mn\/maps\/p7579,Uroczystosci-odsloniecia-pierwszego-pomnika-Szlaku-Orlat-Lwowskich-upamietniajac.html","url":"https:\/\/mojaniepodlegla.pl\/mn\/upamietnianie\/6403,Uroczystosci-odsloniecia-pierwszego-pomnika-Szlaku-Orlat-Lwowskich-upamietniajac.html","address":"ustrobna","zipcode":"","province":"","county":"","community":"","city":"","phone1":"","phone2":"","fax":"","email":""},"geometry":{"type":"Point","coordinates":[21.701970800000026,49.7469546]}}]}

Uroczystości odsłonięcia pierwszego pomnika „Szlaku Orląt Lwowskich”, upamiętniającego ppor. Jana Feliksa Charlewskiego – Ustrobna, 18 sierpnia 2018
