{"type":"FeatureCollection","features":[{"type":"Feature","properties":{"name":"Akademii Niepodleg\u0142o\u015bci w Cieszynie, 13 maja 2019 W programie wyk\u0142ady Piotra Orzechowskiego i dr. hab. Lecha Krzy\u017canowskiego","description":"","icon":{"link":"\/dokumenty\/mapy\/85.png","x":15,"y":41,"width":31,"height":41},"img":[],"link":"\/mn\/maps\/p7582,Akademii-Niepodleglosci-w-Cieszynie-13-maja-2019-W-programie-wyklady-Piotra-Orze.html","url":"https:\/\/mojaniepodlegla.pl\/mn\/aktualnosci\/12148,Akademii-Niepodleglosci-w-Cieszynie-13-maja-2019.html","address":"Ksi\u0105\u017cnicy Cieszy\u0144skiej w Cieszynie","zipcode":"","province":"","county":"","community":"","city":"","phone1":"","phone2":"","fax":"","email":""},"geometry":{"type":"Point","coordinates":[18.62950520000004,49.7502827]}}]}

Akademii Niepodległości w Cieszynie, 13 maja 2019 W programie wykłady Piotra Orzechowskiego i dr. hab. Lecha Krzyżanowskiego

Książnicy Cieszyńskiej w Cieszynie
